{"id":14793,"date":"2022-12-01T14:08:58","date_gmt":"2022-12-01T07:08:58","guid":{"rendered":"https:\/\/phanphoidienmay.net\/i\/?page_id=14793"},"modified":"2022-12-06T13:55:10","modified_gmt":"2022-12-06T06:55:10","slug":"chuong-trinh-afiiliate","status":"publish","type":"page","link":"https:\/\/phanphoidienmay.net\/i\/chuong-trinh-afiiliate","title":{"rendered":"Ch\u01b0\u01a1ng tr\u00ecnh Afiiliate"},"content":{"rendered":"\n<style>\n.text-h-meteorite-light {color: #d5dfff!important;}\n.ghosted-number {font-size: 2.5rem;line-height: 1;}\nsection h2 , section h2 span {color:#2f1c6a}\nsection p {color:#000}\nsection .button span {color:#fff}\nsection .button {background-color: #673de6;}\n@media (max-width:768px){\nsection * {text-align:center}\n.step-4 .small-6 {max-width: 100%;flex-basis: 100%;}\n}\n<\/style>\n\n\t<section class=\"section\" id=\"section_484411888\">\n\t\t<div class=\"bg section-bg fill bg-fill  \" >\n\n\t\t\t\n\t\t\t\n\t\t\t\n\n\t\t<\/div>\n\n\t\t\n\n\t\t<div class=\"section-content relative\">\n\t\t\t\n<div class=\"row\"  id=\"row-734691979\">\n\n\t<div id=\"col-1396119181\" class=\"col small-12 large-12\"  >\n\t\t\t\t<div class=\"col-inner text-center\"  >\n\t\t\t\n\t\t\t\n<div class=\"row row-collapse\"  id=\"row-21084910\">\n\n\t<div id=\"col-975838409\" class=\"col small-12 large-12\"  >\n\t\t\t\t<div class=\"col-inner\"  >\n\t\t\t\n\t\t\t\n<h2><span style=\"font-size: 100%;\">Ch\u00e0o m\u1eebng b\u1ea1n \u0111\u1ebfn v\u1edbi Ti\u1ebfp th\u1ecb li\u00ean k\u1ebft &#8211; Affiliate c\u1ee7a Akira<\/span><\/h2>\n<h3>Tuy\u1ec3n c\u1ed9ng t\u00e1c vi\u00ean &#8211; \u0110\u1ea1i l\u00fd<\/h3>\n<p style=\"padding:30px 0\">V\u1ed1n ban \u0111\u1ea7u th\u1ea5p b\u1eb1ng 0. Chi\u1ebft kh\u1ea5u c\u1ef1c cao v\u1edbi nhi\u1ec1u \u01b0u \u0111\u00e3i. H\u1ed7 tr\u1ee3 t\u01b0 v\u1ea5n, t\u01b0 li\u1ec7u b\u00e1n h\u00e0ng. Kh\u00f4ng \u00e9p doanh s\u1ed1. H\u1ed7 tr\u1ee3 giao h\u00e0ng t\u1eadn n\u01a1i. Ch\u1ebf \u0111\u1ed9 th\u01b0\u1edfng doanh s\u1ed1 h\u1ea5p d\u1eabn<\/p>\n<a rel=\"noopener noreferrer\" href=\"https:\/\/phanphoidienmay.net\/index.php?route=affiliate\/login\" target=\"_blank\" class=\"button success is-bevel is-large lowercase mt-3\"  style=\"border-radius:10px;\">\n    <span>Truy c\u1eadp n\u1ec1n t\u1ea3ng Affiliate<\/span>\n  <\/a>\n\n\t\t<\/div>\n\t\t\t\t\n<style>\n#col-975838409 > .col-inner {\n  padding: 60px 0px 0px 0px;\n}\n<\/style>\n\t<\/div>\n\n\t\n<\/div>\n\t\t<\/div>\n\t\t\t\t\n<style>\n#col-1396119181 > .col-inner {\n  padding: 0px 0 0px 0px;\n  margin: 0 0px 0px 0px;\n}\n<\/style>\n\t<\/div>\n\n\t\n<\/div>\n\t\t<\/div>\n\n\t\t\n<style>\n#section_484411888 {\n  padding-top: 60px;\n  padding-bottom: 60px;\n}\n#section_484411888 .section-bg.bg-loaded {\n  background-image: url(https:\/\/phanphoidienmay.net\/i\/wp-content\/uploads\/2022\/12\/aff-header-1366-65b6d45776.jpg);\n}\n#section_484411888 .ux-shape-divider--top svg {\n  height: 150px;\n  --divider-top-width: 100%;\n}\n#section_484411888 .ux-shape-divider--bottom svg {\n  height: 150px;\n  --divider-width: 100%;\n}\n<\/style>\n\t<\/section>\n\t\n\t<section class=\"section\" id=\"section_533637322\">\n\t\t<div class=\"bg section-bg fill bg-fill  bg-loaded\" >\n\n\t\t\t\n\t\t\t\n\t\t\t\n\n\t\t<\/div>\n\n\t\t\n\n\t\t<div class=\"section-content relative\">\n\t\t\t\n\t<div id=\"gap-1390170331\" class=\"gap-element clearfix\" style=\"display:block; height:auto;\">\n\t\t\n<style>\n#gap-1390170331 {\n  padding-top: 30px;\n}\n<\/style>\n\t<\/div>\n\t\n\t<div id=\"text-2840351476\" class=\"text\">\n\t\t\n<h2>Tham gia ch\u01b0\u01a1ng tr\u00ecnh trong 3 b\u01b0\u1edbc \u0111\u01a1n gi\u1ea3n<\/h2>\n\t\t\n<style>\n#text-2840351476 {\n  text-align: center;\n}\n<\/style>\n\t<\/div>\n\t\n\t<div id=\"gap-1313688249\" class=\"gap-element clearfix\" style=\"display:block; height:auto;\">\n\t\t\n<style>\n#gap-1313688249 {\n  padding-top: 30px;\n}\n<\/style>\n\t<\/div>\n\t\n<div class=\"row step-4\"  id=\"row-1945272299\">\n\n\t<div id=\"col-463657395\" class=\"col medium-4 small-6 large-4\"  >\n\t\t\t\t<div class=\"col-inner\"  >\n\t\t\t\n\t\t\t\n\n<div class=\"text-h-meteorite-light ghosted-number mb-15\"><b>01<\/b><\/div>\n<h4 class=\"mb-10 mb-15-md mb-20-xxl \">\u0110\u0103ng k\u00fd ngay l\u1eadp t\u1ee9c<\/h4>\n<p class=\"paragraph text-h-gray\">Vi\u1ec7c \u0111\u0103ng k\u00fd ch\u1ec9 m\u1ea5t \u00edt h\u01a1n 1 ph\u00fat. Ho\u00e0n to\u00e0n mi\u1ec5n ph\u00ed. V\u00e0 \u0111\u0103ng nh\u1eadp v\u00e0o t\u00e0i kho\u1ea3n affiliate c\u1ee7a b\u1ea1n.<\/p>\n\n\t\t<\/div>\n\t\t\t\t\t<\/div>\n\n\t\n\n\t<div id=\"col-820401575\" class=\"col medium-4 small-6 large-4\"  >\n\t\t\t\t<div class=\"col-inner\"  >\n\t\t\t\n\t\t\t\n\n<div class=\"text-h-meteorite-light ghosted-number mb-15\"><b>02<\/b><\/div>\n<h4 class=\"mb-10 mb-15-md mb-20-xxl \">Chia s\u1ebb link gi\u1edbi thi\u1ec7u<\/h4>\n<p class=\"paragraph text-h-gray\">B\u1ea1n ch\u1ec9 c\u1ea7n chia s\u1ebb link s\u1ea3n ph\u1ea9m. Trong v\u00f2ng 90 ng\u00e0y c\u00f3 ng\u01b0\u1eddi mua b\u1ea5t k\u00ec s\u1ea3n ph\u1ea9m n\u00e0o tr\u00ean website. B\u1ea1n s\u1ebd c\u00f3 hoa h\u1ed3ng.<\/p>\n\n\t\t<\/div>\n\t\t\t\t\t<\/div>\n\n\t\n\n\n\t<div id=\"col-870641069\" class=\"col medium-4 small-6 large-4\"  >\n\t\t\t\t<div class=\"col-inner\"  >\n\t\t\t\n\t\t\t\n\n<div class=\"text-h-meteorite-light ghosted-number mb-15\"><b>03<\/b><\/div>\n<h4 class=\"mb-10 mb-15-md mb-20-xxl \">Nh\u1eadn thanh to\u00e1n<\/h4>\n<p class=\"paragraph text-h-gray\">Ch\u00fang t\u00f4i chia s\u1ebb doanh thu c\u00f4ng b\u1eb1ng. M\u1ed7i l\u01b0\u1ee3t b\u00e1n th\u00e0nh c\u00f4ng b\u1ea1n s\u1ebd nh\u1eadn \u0111\u01b0\u1ee3c ti\u1ec1n hoa h\u1ed3ng. V\u00e0 \u0111\u00f3 ch\u1ec9 m\u1edbi l\u00e0 l\u00fac \u0111\u1ea7u th\u00f4i nh\u00e9.<\/p>\n\n\t\t<\/div>\n\t\t\t\t\t<\/div>\n\n\t\n<\/div>\n\t\t<\/div>\n\n\t\t\n<style>\n#section_533637322 {\n  padding-top: 30px;\n  padding-bottom: 30px;\n}\n#section_533637322 .ux-shape-divider--top svg {\n  height: 150px;\n  --divider-top-width: 100%;\n}\n#section_533637322 .ux-shape-divider--bottom svg {\n  height: 150px;\n  --divider-width: 100%;\n}\n<\/style>\n\t<\/section>\n\t\n\t<section class=\"section\" id=\"section_863186555\">\n\t\t<div class=\"bg section-bg fill bg-fill  bg-loaded\" >\n\n\t\t\t\n\t\t\t\n\t\t\t\n\n\t\t<\/div>\n\n\t\t\n\n\t\t<div class=\"section-content relative\">\n\t\t\t\n<div class=\"row\"  id=\"row-1831722606\">\n\n\t<div id=\"col-1444852064\" class=\"col medium-4 small-12 large-4\"  >\n\t\t\t\t<div class=\"col-inner\"  >\n\t\t\t\n\t\t\t\n\t<div class=\"img has-hover x md-x lg-x y md-y lg-y\" id=\"image_1051798918\">\n\t\t\t\t\t\t\t\t<div class=\"img-inner dark\" >\n\t\t\t<img loading=\"lazy\" decoding=\"async\" width=\"956\" height=\"957\" src=\"https:\/\/phanphoidienmay.net\/i\/wp-content\/uploads\/2022\/12\/166872-affiliate-program-commercial-hq-image-free.png\" class=\"attachment-large size-large\" alt=\"\" srcset=\"https:\/\/phanphoidienmay.net\/i\/wp-content\/uploads\/2022\/12\/166872-affiliate-program-commercial-hq-image-free.png 956w, https:\/\/phanphoidienmay.net\/i\/wp-content\/uploads\/2022\/12\/166872-affiliate-program-commercial-hq-image-free-300x300.png 300w, https:\/\/phanphoidienmay.net\/i\/wp-content\/uploads\/2022\/12\/166872-affiliate-program-commercial-hq-image-free-150x150.png 150w, https:\/\/phanphoidienmay.net\/i\/wp-content\/uploads\/2022\/12\/166872-affiliate-program-commercial-hq-image-free-768x769.png 768w\" sizes=\"auto, (max-width: 956px) 100vw, 956px\" \/>\t\t\t\t\t\t\n\t\t\t\t\t<\/div>\n\t\t\t\t\t\t\t\t\n<style>\n#image_1051798918 {\n  width: 100%;\n}\n<\/style>\n\t<\/div>\n\t\n\t\t<\/div>\n\t\t\t\t\t<\/div>\n\n\t\n\n\t<div id=\"col-189126241\" class=\"col medium-8 small-12 large-8\"  >\n\t\t\t\t<div class=\"col-inner\"  >\n\t\t\t\n\t\t\t\n\t<div id=\"text-783458371\" class=\"text\">\n\t\t\n<h2>Affiliate Marketing cho ng\u01b0\u1eddi d\u00f9ng<\/h2>\n\t\t\n<style>\n#text-783458371 {\n  text-align: center;\n}\n<\/style>\n\t<\/div>\n\t\n\t<div id=\"gap-378553788\" class=\"gap-element clearfix\" style=\"display:block; height:auto;\">\n\t\t\n<style>\n#gap-378553788 {\n  padding-top: 30px;\n}\n<\/style>\n\t<\/div>\n\t\n<div class=\"row\"  id=\"row-1217106504\">\n\n\t<div id=\"col-1922151952\" class=\"col medium-6 small-12 large-6\"  >\n\t\t\t\t<div class=\"col-inner\"  >\n\t\t\t\n\t\t\t\n\n<h5 class=\"mb-20 text-h-meteorite-dark\">T\u1ef1 l\u00e0m ch\u1ee7<\/h5>\n<p class=\"text-h-dark-gray paragraph\">G\u1eb7p qu\u1ea3n l\u00fd affiliate ri\u00eang c\u1ee7a b\u1ea1n. M\u1ed9t chuy\u00ean gia marketing s\u1ebd t\u01b0 v\u1ea5n v\u00e0 tr\u1ea3 l\u1eddi m\u1ecdi c\u00e2u h\u1ecfi gi\u00fap b\u1ea1n th\u00e0nh c\u00f4ng.<\/p>\n\n\t\t<\/div>\n\t\t\t\t\t<\/div>\n\n\t\n\n\t<div id=\"col-1322990108\" class=\"col medium-6 small-12 large-6\"  >\n\t\t\t\t<div class=\"col-inner\"  >\n\t\t\t\n\t\t\t\n\n<h5 class=\"mb-20 text-h-meteorite-dark\">T\u1ec9 l\u1ec7 l\u1ee3i nhu\u1eadn cao<\/h5>\n<p class=\"text-h-dark-gray paragraph\">Th\u01b0\u01a1ng hi\u1ec7u &amp; t\u00e0i li\u1ec7u qu\u1ea3ng b\u00e1 hi\u1ec7u qu\u1ea3 c\u1ee7a ch\u00fang t\u00f4i s\u1ebd \u0111\u1ea3m b\u1ea3o l\u01b0\u1ee3ng traffic b\u1ea1n g\u1eedi v\u1ec1 Akira \u0111\u1ea1t t\u1ec9 l\u1ec7 chuy\u1ec3n \u0111\u1ed5i cao.<\/p>\n\n\t\t<\/div>\n\t\t\t\t\t<\/div>\n\n\t\n<\/div>\n<div class=\"row\"  id=\"row-2018482053\">\n\n\t<div id=\"col-68260941\" class=\"col medium-6 small-12 large-6\"  >\n\t\t\t\t<div class=\"col-inner\"  >\n\t\t\t\n\t\t\t\n\n<div class=\"\">\n<h5 class=\"mb-20 text-h-meteorite-dark\">Ch\u01b0\u01a1ng tr\u00ecnh affiliate \u0111\u1eb7c bi\u1ec7t<\/h5>\n<p class=\"text-h-dark-gray paragraph\">Ki\u1ebfm ti\u1ec1n, ph\u00e1t tri\u1ec3n v\u00e0 m\u1edf r\u1ed9ng v\u1edbi ch\u01b0\u01a1ng tr\u00ecnh Affiliate c\u1ee7a Akira. T\u1ea5t c\u1ea3 nh\u1eefng g\u00ec b\u1ea1n c\u1ea7n \u0111\u1ec3 qu\u1ea3ng b\u00e1 ch\u1ec9 c\u00e1ch b\u1ea1n 1 c\u00fa click.<\/p>\n<\/div>\n\n\t\t<\/div>\n\t\t\t\t\t<\/div>\n\n\t\n\n\t<div id=\"col-1019547053\" class=\"col medium-6 small-12 large-6\"  >\n\t\t\t\t<div class=\"col-inner\"  >\n\t\t\t\n\t\t\t\n\n<div class=\"\">\n<h5 class=\"mb-20 text-h-meteorite-dark\">D\u1ec5 d\u00e0ng b\u1eaft \u0111\u1ea7u v\u00e0 v\u1eadn h\u00e0nh<\/h5>\n<p class=\"text-h-dark-gray paragraph\">B\u1ea1n ch\u1ec9 c\u1ea7n chia s\u1ebb link s\u1ea3n ph\u1ea9m. Trong v\u00f2ng 90 ng\u00e0y c\u00f3 ng\u01b0\u1eddi mua b\u1ea5t k\u00ec s\u1ea3n ph\u1ea9m n\u00e0o tr\u00ean website. B\u1ea1n s\u1ebd c\u00f3 hoa h\u1ed3ng.<\/p>\n<\/div>\n\n\t\t<\/div>\n\t\t\t\t\t<\/div>\n\n\t\n<\/div>\n\t\t<\/div>\n\t\t\t\t\t<\/div>\n\n\t\n\n<style>\n#row-1831722606 > .col > .col-inner {\n  padding: 60px 0px 0px 0px;\n}\n<\/style>\n<\/div>\n\t\t<\/div>\n\n\t\t\n<style>\n#section_863186555 {\n  padding-top: 30px;\n  padding-bottom: 30px;\n  background-color: rgb(250, 251, 255);\n}\n#section_863186555 .ux-shape-divider--top svg {\n  height: 150px;\n  --divider-top-width: 100%;\n}\n#section_863186555 .ux-shape-divider--bottom svg {\n  height: 150px;\n  --divider-width: 100%;\n}\n<\/style>\n\t<\/section>\n\t\n\t<section class=\"section\" id=\"section_664937065\">\n\t\t<div class=\"bg section-bg fill bg-fill  bg-loaded\" >\n\n\t\t\t\n\t\t\t\n\t\t\t\n\n\t\t<\/div>\n\n\t\t\n\n\t\t<div class=\"section-content relative\">\n\t\t\t\n<div class=\"row\"  id=\"row-1778978993\">\n\n\t<div id=\"col-646307805\" class=\"col medium-6 small-12 large-6\"  >\n\t\t\t\t<div class=\"col-inner\"  >\n\t\t\t\n\t\t\t\n\t<div class=\"img has-hover x md-x lg-x y md-y lg-y\" id=\"image_1174234005\">\n\t\t\t\t\t\t\t\t<div class=\"img-inner dark\" >\n\t\t\t<img loading=\"lazy\" decoding=\"async\" width=\"540\" height=\"400\" src=\"https:\/\/phanphoidienmay.net\/i\/wp-content\/uploads\/2022\/12\/affiliate-program-agreement-img-875b902c7e.jpg\" class=\"attachment-large size-large\" alt=\"\" srcset=\"https:\/\/phanphoidienmay.net\/i\/wp-content\/uploads\/2022\/12\/affiliate-program-agreement-img-875b902c7e.jpg 540w, https:\/\/phanphoidienmay.net\/i\/wp-content\/uploads\/2022\/12\/affiliate-program-agreement-img-875b902c7e-300x222.jpg 300w\" sizes=\"auto, (max-width: 540px) 100vw, 540px\" \/>\t\t\t\t\t\t\n\t\t\t\t\t<\/div>\n\t\t\t\t\t\t\t\t\n<style>\n#image_1174234005 {\n  width: 100%;\n}\n<\/style>\n\t<\/div>\n\t\n\t\t<\/div>\n\t\t\t\t\t<\/div>\n\n\t\n\n\t<div id=\"col-1859599636\" class=\"col medium-6 small-12 large-6\"  >\n\t\t\t\t<div class=\"col-inner\"  >\n\t\t\t\n\t\t\t\n\t<div id=\"gap-1699168349\" class=\"gap-element clearfix\" style=\"display:block; height:auto;\">\n\t\t\n<style>\n#gap-1699168349 {\n  padding-top: 110px;\n}\n<\/style>\n\t<\/div>\n\t\n<h2>Th\u1ecfa thu\u1eadn ch\u01b0\u01a1ng tr\u00ecnh Affiliate<\/h2>\n<p>S\u1eb5n s\u00e0ng tham gia? H\u00e3y \u0111\u1ecdc k\u1ef9 b\u1ed9 t\u00e0i li\u1ec7u quy t\u1eafc \u0111\u1ec3 affiliate marketing th\u00e0nh c\u00f4ng.<\/p>\n<p><a class=\"\" href=\"#\"><u>\u0110\u1ecdc th\u1ecfa thu\u1eadn affiliate<\/u><\/a><\/p>\n\t\t<\/div>\n\t\t\t\t\t<\/div>\n\n\t\n<\/div>\n\t\t<\/div>\n\n\t\t\n<style>\n#section_664937065 {\n  padding-top: 30px;\n  padding-bottom: 30px;\n}\n#section_664937065 .ux-shape-divider--top svg {\n  height: 150px;\n  --divider-top-width: 100%;\n}\n#section_664937065 .ux-shape-divider--bottom svg {\n  height: 150px;\n  --divider-width: 100%;\n}\n<\/style>\n\t<\/section>\n\t\n\t<section class=\"section\" id=\"section_473442237\">\n\t\t<div class=\"bg section-bg fill bg-fill  bg-loaded\" >\n\n\t\t\t\n\t\t\t\n\t\t\t\n\n\t\t<\/div>\n\n\t\t\n\n\t\t<div class=\"section-content relative\">\n\t\t\t\n<div class=\"row\"  id=\"row-2029955340\">\n\n\t<div id=\"col-634013395\" class=\"col small-12 large-12\"  >\n\t\t\t\t<div class=\"col-inner text-center\"  >\n\t\t\t\n\t\t\t\n\n<div class=\"\">\n<h2 class=\"text-h-meteorite-dark \">B\u1ea1n c\u00f3 th\u1ec3 ph\u00e1t tri\u1ec3n l\u1edbn \u0111\u1ebfn m\u1ee9c n\u00e0o?<\/h2>\n<p class=\"text-h-meteorite-dark  paragraph mt-15 mt-20-sm mt-30-xxl container-2020-sm container-2020-xl-new\">Ki\u1ebfm ti\u1ec1n v\u1edbi m\u1ed7i l\u01b0\u1ee3t b\u00e1n v\u1edbi gi\u00e1 v\u1ed1n b\u1eb1ng 0. Nh\u1eadn tr\u1ee3 gi\u00fap t\u1eebng b\u01b0\u1edbc. T\u0103ng tr\u01b0\u1edfng v\u01b0\u1ee3t b\u1eadc &#8211; t\u0103ng kh\u1ed1i l\u01b0\u1ee3ng hoa h\u1ed3ng. Ch\u00fang t\u00f4i s\u1ebd gi\u00fap b\u1ea1n trong su\u1ed1t qu\u00e1 tr\u00ecnh n\u00e0y.<\/p>\n<\/div>\n\n<a rel=\"noopener noreferrer\" href=\"https:\/\/phanphoidienmay.net\/index.php?route=affiliate\/login\" target=\"_blank\" class=\"button success is-bevel is-large lowercase mt-3\"  style=\"border-radius:10px;\">\n    <span>Tr\u1edf th\u00e0nh m\u1ed9t chuy\u00ean gia Affiliate<\/span>\n  <\/a>\n\n\t\t<\/div>\n\t\t\t\t\t<\/div>\n\n\t\n<\/div>\n\t\t<\/div>\n\n\t\t\n<style>\n#section_473442237 {\n  padding-top: 30px;\n  padding-bottom: 30px;\n}\n#section_473442237 .ux-shape-divider--top svg {\n  height: 150px;\n  --divider-top-width: 100%;\n}\n#section_473442237 .ux-shape-divider--bottom svg {\n  height: 150px;\n  --divider-width: 100%;\n}\n<\/style>\n\t<\/section>\n\t\n","protected":false},"excerpt":{"rendered":"","protected":false},"author":7,"featured_media":0,"parent":0,"menu_order":0,"comment_status":"closed","ping_status":"closed","template":"page-blank.php","meta":{"footnotes":""},"class_list":["post-14793","page","type-page","status-publish","hentry"],"yoast_head":"<!-- This site is optimized with the Yoast SEO plugin v22.2 - https:\/\/yoast.com\/wordpress\/plugins\/seo\/ -->\n<title>Ch\u01b0\u01a1ng tr\u00ecnh Afiiliate - \u0110i\u1ec7n M\u00e1y Akira<\/title>\n<meta name=\"description\" content=\"Ch\u00e0o m\u1eebng b\u1ea1n \u0111\u1ebfn v\u1edbi Ti\u1ebfp th\u1ecb li\u00ean k\u1ebft c\u1ee7a \u0110i\u1ec7n m\u00e1y Akira. G\u1ee3i \u00fd s\u1ea3n ph\u1ea9m. Nh\u1eadn ngay Hoa H\u1ed3ng h\u1ea5p d\u1eabn\" \/>\n<meta name=\"robots\" content=\"index, follow, max-snippet:-1, max-image-preview:large, max-video-preview:-1\" \/>\n<link rel=\"canonical\" href=\"https:\/\/phanphoidienmay.net\/i\/chuong-trinh-afiiliate\" \/>\n<meta property=\"og:locale\" content=\"vi_VN\" \/>\n<meta property=\"og:type\" content=\"article\" \/>\n<meta property=\"og:title\" content=\"Ch\u01b0\u01a1ng tr\u00ecnh Afiiliate - \u0110i\u1ec7n M\u00e1y Akira\" \/>\n<meta property=\"og:description\" content=\"Ch\u00e0o m\u1eebng b\u1ea1n \u0111\u1ebfn v\u1edbi Ti\u1ebfp th\u1ecb li\u00ean k\u1ebft c\u1ee7a \u0110i\u1ec7n m\u00e1y Akira. G\u1ee3i \u00fd s\u1ea3n ph\u1ea9m. Nh\u1eadn ngay Hoa H\u1ed3ng h\u1ea5p d\u1eabn\" \/>\n<meta property=\"og:url\" content=\"https:\/\/phanphoidienmay.net\/i\/chuong-trinh-afiiliate\" \/>\n<meta property=\"og:site_name\" content=\"\u0110i\u1ec7n M\u00e1y Akira\" \/>\n<meta property=\"article:modified_time\" content=\"2022-12-06T06:55:10+00:00\" \/>\n<meta name=\"twitter:card\" content=\"summary_large_image\" \/>\n<script type=\"application\/ld+json\" class=\"yoast-schema-graph\">{\"@context\":\"https:\/\/schema.org\",\"@graph\":[{\"@type\":\"WebPage\",\"@id\":\"https:\/\/phanphoidienmay.net\/i\/chuong-trinh-afiiliate\",\"url\":\"https:\/\/phanphoidienmay.net\/i\/chuong-trinh-afiiliate\",\"name\":\"Ch\u01b0\u01a1ng tr\u00ecnh Afiiliate - \u0110i\u1ec7n M\u00e1y Akira\",\"isPartOf\":{\"@id\":\"https:\/\/phanphoidienmay.net\/i\/#website\"},\"datePublished\":\"2022-12-01T07:08:58+00:00\",\"dateModified\":\"2022-12-06T06:55:10+00:00\",\"description\":\"Ch\u00e0o m\u1eebng b\u1ea1n \u0111\u1ebfn v\u1edbi Ti\u1ebfp th\u1ecb li\u00ean k\u1ebft c\u1ee7a \u0110i\u1ec7n m\u00e1y Akira. G\u1ee3i \u00fd s\u1ea3n ph\u1ea9m. Nh\u1eadn ngay Hoa H\u1ed3ng h\u1ea5p d\u1eabn\",\"breadcrumb\":{\"@id\":\"https:\/\/phanphoidienmay.net\/i\/chuong-trinh-afiiliate#breadcrumb\"},\"inLanguage\":\"vi\",\"potentialAction\":[{\"@type\":\"ReadAction\",\"target\":[\"https:\/\/phanphoidienmay.net\/i\/chuong-trinh-afiiliate\"]}]},{\"@type\":\"BreadcrumbList\",\"@id\":\"https:\/\/phanphoidienmay.net\/i\/chuong-trinh-afiiliate#breadcrumb\",\"itemListElement\":[{\"@type\":\"ListItem\",\"position\":1,\"name\":\"Trang ch\u1ee7\",\"item\":\"https:\/\/phanphoidienmay.net\/i\/\"},{\"@type\":\"ListItem\",\"position\":2,\"name\":\"Ch\u01b0\u01a1ng tr\u00ecnh Afiiliate\"}]},{\"@type\":\"WebSite\",\"@id\":\"https:\/\/phanphoidienmay.net\/i\/#website\",\"url\":\"https:\/\/phanphoidienmay.net\/i\/\",\"name\":\"\u0110i\u1ec7n M\u00e1y Akira\",\"description\":\"Kinh nghi\u1ec7m v\u00e0 m\u1eb9o v\u1eb7t - Ph\u00e2n ph\u1ed1i \u0111i\u1ec7n m\u00e1y ch\u00ednh h\u00e3ng\",\"potentialAction\":[{\"@type\":\"SearchAction\",\"target\":{\"@type\":\"EntryPoint\",\"urlTemplate\":\"https:\/\/phanphoidienmay.net\/i\/?s={search_term_string}\"},\"query-input\":\"required name=search_term_string\"}],\"inLanguage\":\"vi\"}]}<\/script>\n<!-- \/ Yoast SEO plugin. -->","yoast_head_json":{"title":"Ch\u01b0\u01a1ng tr\u00ecnh Afiiliate - \u0110i\u1ec7n M\u00e1y Akira","description":"Ch\u00e0o m\u1eebng b\u1ea1n \u0111\u1ebfn v\u1edbi Ti\u1ebfp th\u1ecb li\u00ean k\u1ebft c\u1ee7a \u0110i\u1ec7n m\u00e1y Akira. G\u1ee3i \u00fd s\u1ea3n ph\u1ea9m. Nh\u1eadn ngay Hoa H\u1ed3ng h\u1ea5p d\u1eabn","robots":{"index":"index","follow":"follow","max-snippet":"max-snippet:-1","max-image-preview":"max-image-preview:large","max-video-preview":"max-video-preview:-1"},"canonical":"https:\/\/phanphoidienmay.net\/i\/chuong-trinh-afiiliate","og_locale":"vi_VN","og_type":"article","og_title":"Ch\u01b0\u01a1ng tr\u00ecnh Afiiliate - \u0110i\u1ec7n M\u00e1y Akira","og_description":"Ch\u00e0o m\u1eebng b\u1ea1n \u0111\u1ebfn v\u1edbi Ti\u1ebfp th\u1ecb li\u00ean k\u1ebft c\u1ee7a \u0110i\u1ec7n m\u00e1y Akira. G\u1ee3i \u00fd s\u1ea3n ph\u1ea9m. Nh\u1eadn ngay Hoa H\u1ed3ng h\u1ea5p d\u1eabn","og_url":"https:\/\/phanphoidienmay.net\/i\/chuong-trinh-afiiliate","og_site_name":"\u0110i\u1ec7n M\u00e1y Akira","article_modified_time":"2022-12-06T06:55:10+00:00","twitter_card":"summary_large_image","schema":{"@context":"https:\/\/schema.org","@graph":[{"@type":"WebPage","@id":"https:\/\/phanphoidienmay.net\/i\/chuong-trinh-afiiliate","url":"https:\/\/phanphoidienmay.net\/i\/chuong-trinh-afiiliate","name":"Ch\u01b0\u01a1ng tr\u00ecnh Afiiliate - \u0110i\u1ec7n M\u00e1y Akira","isPartOf":{"@id":"https:\/\/phanphoidienmay.net\/i\/#website"},"datePublished":"2022-12-01T07:08:58+00:00","dateModified":"2022-12-06T06:55:10+00:00","description":"Ch\u00e0o m\u1eebng b\u1ea1n \u0111\u1ebfn v\u1edbi Ti\u1ebfp th\u1ecb li\u00ean k\u1ebft c\u1ee7a \u0110i\u1ec7n m\u00e1y Akira. G\u1ee3i \u00fd s\u1ea3n ph\u1ea9m. Nh\u1eadn ngay Hoa H\u1ed3ng h\u1ea5p d\u1eabn","breadcrumb":{"@id":"https:\/\/phanphoidienmay.net\/i\/chuong-trinh-afiiliate#breadcrumb"},"inLanguage":"vi","potentialAction":[{"@type":"ReadAction","target":["https:\/\/phanphoidienmay.net\/i\/chuong-trinh-afiiliate"]}]},{"@type":"BreadcrumbList","@id":"https:\/\/phanphoidienmay.net\/i\/chuong-trinh-afiiliate#breadcrumb","itemListElement":[{"@type":"ListItem","position":1,"name":"Trang ch\u1ee7","item":"https:\/\/phanphoidienmay.net\/i\/"},{"@type":"ListItem","position":2,"name":"Ch\u01b0\u01a1ng tr\u00ecnh Afiiliate"}]},{"@type":"WebSite","@id":"https:\/\/phanphoidienmay.net\/i\/#website","url":"https:\/\/phanphoidienmay.net\/i\/","name":"\u0110i\u1ec7n M\u00e1y Akira","description":"Kinh nghi\u1ec7m v\u00e0 m\u1eb9o v\u1eb7t - Ph\u00e2n ph\u1ed1i \u0111i\u1ec7n m\u00e1y ch\u00ednh h\u00e3ng","potentialAction":[{"@type":"SearchAction","target":{"@type":"EntryPoint","urlTemplate":"https:\/\/phanphoidienmay.net\/i\/?s={search_term_string}"},"query-input":"required name=search_term_string"}],"inLanguage":"vi"}]}},"_links":{"self":[{"href":"https:\/\/phanphoidienmay.net\/i\/wp-json\/wp\/v2\/pages\/14793","targetHints":{"allow":["GET"]}}],"collection":[{"href":"https:\/\/phanphoidienmay.net\/i\/wp-json\/wp\/v2\/pages"}],"about":[{"href":"https:\/\/phanphoidienmay.net\/i\/wp-json\/wp\/v2\/types\/page"}],"author":[{"embeddable":true,"href":"https:\/\/phanphoidienmay.net\/i\/wp-json\/wp\/v2\/users\/7"}],"replies":[{"embeddable":true,"href":"https:\/\/phanphoidienmay.net\/i\/wp-json\/wp\/v2\/comments?post=14793"}],"version-history":[{"count":0,"href":"https:\/\/phanphoidienmay.net\/i\/wp-json\/wp\/v2\/pages\/14793\/revisions"}],"wp:attachment":[{"href":"https:\/\/phanphoidienmay.net\/i\/wp-json\/wp\/v2\/media?parent=14793"}],"curies":[{"name":"wp","href":"https:\/\/api.w.org\/{rel}","templated":true}]}}